33?
1
What is the units digit of 1848?
8
What is the hundreds digit of 31382?
3
What is the tens digit of 2478?
7
What is the tens digit of 1523?
2
What is the thousands digit of 13703?
3
What is the units digit of 13816?
6
What is the tens digit of 3773?
7
What is the tens digit of 32221?
2
What is the hundreds digit of 516?
5
What is the hundreds digit of 13203?
2
What is the tens digit of 999?
9
What is the tens digit of 1186?
8
What is the tens digit of 2257?
5
What is the thousands digit of 6955?
6
What is the thousands digit of 15798?
5
What is the hundreds digit of 4166?
1
What is the thousands digit of 2745?
2
What is the tens digit of 5916?
1
What is the units digit of 586?
6
What is the hundreds digit of 1142?
1
What is the tens digit of 3520?
2
What is the thousands digit of 1013?
1
What is the tens digit of 292?
9
What is the units digit of 771?
1
What is the thousands digit of 6186?
6
What is the hundreds digit of 3109?
1
What is the thousands digit of 27452?
7
What is the units digit of 697?
7
What is the units digit of 1528?
8
What is the ten thousands digit of 22146?
2
What is the thousands digit of 7565?
7
What is the ten thousands digit of 12669?
1
What is the units digit of 7290?
0
What is the thousands digit of 3241?
3
What is the hundreds digit of 15302?
3
What is the tens digit of 20763?
6
What is the tens digit of 41834?
3
What is the hundreds digit of 120930?
9
What is the units digit of 5259?
9
What is the hundreds digit of 150932?
9
What is the tens digit of 1234?
3
What is the units digit of 7919?
9
What is the units digit of 2228?
8
What is the hundreds digit of 20288?
2
What is the tens digit of 1588?
8
What is the thousands digit of 14519?
4
What is the thousands digit of 1119?
1
What is the thousands digit of 42722?
2
What is the thousands digit of 149832?
9
What is the tens digit of 1626?
2
What is the hundreds digit of 838?
8
What is the tens digit of 32839?
3
What is the tens digit of 36851?
5
What is the hundreds digit of 8006?
0
What is the hundreds digit of 3014?
0
What is the units digit of 397?
7
What is the thousands digit of 52863?
2
What is the thousands digit of 54094?
4
What is the tens digit of 37587?
8
What is the tens digit of 1672?
7
What is the tens digit of 31114?
1
What is the units digit of 5650?
0
What is the tens digit of 7224?
2
What is the tens digit of 1331?
3
What is the units digit of 16494?
4
What is the tens digit of 22809?
0
What is the thousands digit of 11243?
1
What is the units digit of 13388?
8
What is the tens digit of 258?
5
What is the hundreds digit of 880?
8
What is the hundreds digit of 81712?
7
What is the hundreds digit of 349?
3
What is the hundreds digit of 28311?
3
What is the hundreds digit of 11538?
5
What is the ten thousands digit of 27142?
2
What is the ten thousands digit of 19187?
1
What is the units digit of 571?
1
What is the tens digit of 712?
1
What is the units digit of 100186?
6
What is the hundreds digit of 2673?
6
What is the tens digit of 2614?
1
What is the thousands digit of 99215?
9
What is the units digit of 1795?
5
What is the thousands digit of 16366?
6
What is the thousands digit of 32493?
2
What is the tens digit of 22958?
5
What is the thousands digit of 28952?
8
What is the hundreds digit of 1052?
0
What is the units digit of 204?
4
What is the units digit of 137?
7
What is the tens digit of 15080?
8
What is the thousands digit of 4521?
4
What is the units digit of 23459?
9
What is the thousands digit of 12285?
2
What is the hundreds digit of 477?
4
What is the thousands digit of 110183?
0
What is the ten thousands digit of 106623?
0
What is the hundreds digit of 6440?
4
What is the units digit of 550?
0
What is the hundreds digit of 97643?
6
What is the tens digit of 592?
9
What is the tens digit of 1502?
0
What is the tens digit of 96409?
0
What is the tens digit of 55170?
7
What is the units digit of 287?
7
What is the tens digit of 270?
7
What is the thousands digit of 3942?
3
What is the thousands digit of 14620?
4
What is the units digit of 310?
0
What is the tens digit of 13510?
1
What is the ten thousands digit of 120247?
2
What is the hundreds digit of 10921?
9
What is the units digit of 5159?
9
What is the tens digit of 6987?
8
What is the hundreds digit of 132324?
3
What is the hundreds digit of 24055?
0
What is the tens digit of 20810?
1
What is the units digit of 1496?
6
What is the hundreds digit of 4487?
4
What is the thousands digit of 66708?
6
What is the ten thousands digit of 157248?
5
What is the units digit of 4771?
1
What is the tens digit of 329?
2
What is the hundreds digit of 1089?
0
What is the tens digit of 2156?
5
What is the hundreds digit of 2277?
2
What is the thousands digit of 4828?
4
What is the hundreds digit of 153?
1
What is the units digit of 3437?
7
What is the units digit of 40517?
7
What is the hundreds digit of 89829?
8
What is the ten thousands digit of 31628?
3
What is the tens digit of 850?
5
What is the thousands digit of 65883?
5
What is the thousands digit of 5608?
5
What is the tens digit of 6452?
5
What is the tens digit of 17302?
0
What is the tens digit of 44821?
2
What is the units digit of 10916?
6
What is the hundreds digit of 1084?
0
What is the units digit of 1675?
5
What is the hundreds digit of 1956?
9
What is the hundreds digit of 2603?
6
What is the units digit of 3895?
5
What is the ten thousands digit of 48925?
4
What is the tens digit of 2056?
5
What is the units digit of 155?
5
What is the tens digit of 6137?
3
What is the thousands digit of 61080?
1
What is the hundreds digit of 279?
2
What is the tens digit of 179733?
3
What is the hundreds digit of 1283?
2
What is the thousands digit of 1932?
1
What is the hundreds digit of 1231?
2
What is the hundreds digit of 1259?
2
What is the thousands digit of 23390?
3
What is the tens digit of 791?
9
What is the units digit of 6506?
6
What is the thousands digit of 2625?
2
What is the tens digit of 6742?
4
What is the units digit of 64389?
9
What is the tens digit of 13010?
1
What is the thousands digit of 3471?
3
What is the units digit of 19118?
8
What is the thousands digit of 46489?
6
What is the units digit of 137?
7
What is the ten thousands digit of 43792?
4
What is the tens digit of 827?
2
What is the tens digit of 4669?
6
What is the tens digit of 40?
4
What is the units digit of 4994?
4
What is the units digit of 60285?
5
What is the units digit of 5677?
7
What is the hundreds digit of 796?
7
What is the units digit of 6846?
6
What is the tens digit of 3946?
4
What is the tens digit of 55264?
6
What is the tens digit of 3269?
6
What is the tens digit of 2721?
2
What is the tens digit of 567?
6
What is the ten thousands digit of 16751?
1
What is the ten thousands digit of 56749?
5
What is the thousands digit of 1336?
1
What is the thousands digit of 1805?
1
What is the tens digit of 19469?
6
What is the units digit of 46592?
2
What is the tens digit of 1710?
1
What is the units digit of 5779?
9
What is the thousands digit of 17667?
7
What is the thousands digit of 1092?
1
What is the thousands digit of 15238?
5
What is the tens digit of 109707?
0
What is the units digit of 131?
1
What is the tens digit of 94635?
3
What is the thousands digit of 82907?
2
What is the units digit of 1607?
7
What is the tens digit of 4495?
9
What is the thousands digit of 8250?
8
What is the hundreds digit of 775?
7
What is the tens digit of 1839?
3
What is the tens digit of 5584?
8
What is the units digit of 65345?
5
What is the tens digit of 43000?
0
What is the ten thousands digit of 15169?
1
What is the hundreds digit of 29088?
0
What is the tens digit of 8390?
9
What is the hundreds digit of 2744?
7
What is the tens digit of 8986?
8
What is the units digit of 65535?
5
What is the units digit of 1999?
9
What is the hundreds digit of 985?
9
What is the thousands digit of 8716?
8
What is the units digit of 860?
0
What is the tens digit of 1495?
9
What is the units digit of 479?
9
What is the hundreds digit of 8407?
4
What is the tens digit of 82982?
8
What is the tens digit of 7856?
5
What is the units digit of 8088?
8
What is the units digit of 2554?
4
What is the units digit of 109756?
6
What is the units digit of 1720?
0
What is the hun